= 2*k - 1. Let y(p) = -p**2 + 33*p - 275. Let o be y(17). Give c(o).
-7
Let p be (-13)/(-26) + 34/(-4). Let j(c) = -c**3 - 9*c**2 - 6*c + 15. What is j(p)?
-1
Let k be 3 - (-6 + (-8)/(-2)). Let z(u) = 12*u**3 - 11*u**3 - 4*u**2 - 3 + 0 - 5*u + 4. What is z(k)?
1
Let z(a) = 0 + 0 + a. Suppose 6 = -18*r + 21*r. Suppose 2*l + r*n - 14 = 0, 2*n + n - 16 = -2*l. Calculate z(l).
5
Let g(s) = 3*s + 34. Suppose t - 4*o = 6, -4*o - 3 = 13. Give g(t).
4
Let u(y) be the third derivative of -y**4/3 + y**3/3 + 4*y**2. Suppose -5*p + f = -12, -2*f - 124 = -2*p - 116. Give u(p).
-14
Suppose -4*z - 80 = -6*z. Let m = 41 - z. Let v(j) = 6*j**2 - j + 1. Determine v(m).
6
Let q(x) be the second derivative of x**5/12 + x**4/24 - x**3/3 + 13*x**2 - 17*x. Let v(s) be the first derivative of q(s). Calculate v(-2).
16
Let c(j) = 5*j**3 + 13*j**2 + 11*j + 23. Let d(k) = 11*k**3 + 27*k**2 + 22*k + 47. Let u(f) = 9*c(f) - 4*d(f). Give u(-8).
-5
Let a(o) = o**3 + o**2. Let h(l) be the third derivative of l**6/60 - l**5/10 - l**3/3 - 19*l**2. Let f(m) = -3*a(m) + h(m). Calculate f(-9).
-2
Let y(l) = 0*l - l + l - 9 - 2*l. What is y(-10)?
11
Suppose 0 = -3*w + 10 - 4. Suppose -6*c = -w*c + 24. Let t(q) = -q - 5. Determine t(c).
1
Suppose -5*z + 3*m = -5, -m + 7 = -z - 2*m. Let n(y) = y - 1. Let d(h) = -h**3 - 3*h**2 - 6*h + 6. Let p = 2 + -1. Let g(s) = p*d(s) + 6*n(s). Determine g(z).
-4
Suppose 2*h + 3 = -w, 0 = -9*h + 6*h + 9. Let f(s) = -s - 16. Give f(w).
-7
Let u(p) = -p**2 - p + 2. Suppose -5*h - 17*k = -16*k - 20, 5*h + 2*k = 20. Determine u(h).
-18
Let j(k) = 1 - 12*k - 3 + 2. Let o(i) = -i**3 - i**2 - 2. Let t be o(-2). Suppose -t*r = -4*r - 2. Calculate j(r).
12
Let k(f) = f**2 + 8*f + 1. Let u(l) = -3*l**2 - 21*l - 2. Let n(w) = -7*k(w) - 3*u(w). Suppose 31 = -3*v - 4*j, 5*v - 3*j + 22 = 9. Determine n(v).
14
Let i(g) be the third derivative of g**4/24 + g**3/6 - 5*g**2. Let q(c) = 3*c - 9 - 3*c - c**2 + 5*c - 3*c. Let l(h) = -3*i(h) + q(h). Calculate l(0).
-12
Suppose 10*o - 15*o = 0. Let m(f) = -18 + f + 0*f + 20 + o*f. Determine m(4).
6
Suppose 4*d + 4*x + 5 + 7 = 0, -3*d - 4*x - 14 = 0. Let k(m) = 4*m - 32*m**2 + 30*m**2 + 3 + 2 - 7. Calculate k(d).
-2
Let o(w) = w**3 + 10*w**2 + w + 4. Let l(b) = -5*b - 50. Let t be l(-8). Calculate o(t).
-6
Suppose 4*s = -5*c - 29, s + 4*c = -1 + 2. Suppose 0 = -4*i, -4 = -l + 2*i + 5. Let o = l + s. Let a(u) = -u**3 - u**2 + u. Determine a(o).
2
Let w(j) = -4*j - 14. Let l be w(-4). Let a(v) = -l*v - 2*v**3 + 4*v**2 + 2*v**2 + 8*v**3 + 1 - 4*v**2. Give a(1).
7
Let h(x) = -x**3 - 2*x**2 - x - 2. Let b be h(-2). Let u be 15/10*8/6. Let k(j) = 9*j**2 + 9*j**u - 2*j + j + 6 - 17*j**2. Determine k(b).
6
Let i = 2772 + -2767. Suppose 5*b = k + 11 + 3, -3*k = b - 6. Let l(u) = -6*u + 0*u**2 + u**2 - 2 + k. What is l(i)?
-6
Let j(q) be the second derivative of q**5/20 + q**4/6 + q**3/3 + 3*q**2/2 + 259*q. Suppose 0 = -4*r + r - 6. Calculate j(r).
-1
Let o(g) be the second derivative of g**4/6 - 3*g**3/2 + 4*g. Suppose -7*x = -0*x - 42. Give o(x).
18
Let k(d) = d. Let v(t) = -t - 4. Let s(g) = -1. Let q(y) = -20*s(y) + 4*v(y). Let r = -191 - -185. Let n(b) = r*k(b) - q(b). Determine n(-5).
6
Let d(o) = -o**3 + 4*o**2 + 7*o - 3. Suppose 0 = 60*i - 53*i - 35. Give d(i).
7
Let p(n) = 32*n + 61. Let a(l) = 7*l + 15. Let t(i) = -9*a(i) + 2*p(i). Give t(20).
7
Let u(c) be the third derivative of 0 - 1/120*c**6 + 0*c + 1/6*c**4 + 1/15*c**5 + c**3 + 14*c**2. Determine u(5).
1
Let u = -490 - -500. Let k(l) = l + 3. Give k(u).
13
Let g = 20 - 16. Suppose -g*h - 6 - 62 = 0. Let w = h + 19. Let m(u) = -2*u + 3. Calculate m(w).
-1
Suppose -3*p + 10 - 4 = 0. Suppose 0 = 4*j, -2*j + 12 = p*s - 4*j. Let m(l) = 2*l - 5. Give m(s).
7
Let r(q) be the first derivative of -q**3/3 + 5*q**2/2 - 9*q + 126. Suppose -x = -4 - 2. What is r(x)?
-15
Let q(b) = 9*b - 2*b - 10*b + 2*b**2 + 2*b + 2 - 3*b**2. Let w(f) = -f**3 - 3*f**2 - 2*f. Let a be w(-2). Give q(a).
2
Let p(w) = -3*w**2 - 1. Suppose -5*l - 60 = -5*d, -4*d - 3*l - 2*l + 3 = 0. Suppose 7*q + 24 = 13*q. Suppose 3*r + 4*c - 16 = d*r, q*c = -3*r + 9. What is p(r)?
-4
Let l(a) = -4*a**2 - 7*a + 11. Let h(r) = 17*r**2 + 26*r - 44. Let q(w) = 2*h(w) + 9*l(w). What is q(-6)?
5
Let a(r) be the third derivative of r**5/60 + 13*r**4/24 + r**3/2 - 13*r**2 + 4. Calculate a(-9).
-33
Let s(k) = -11 + 22*k - 17*k - 4*k. What is s(6)?
-5
Let u(w) = -9*w + 4. Let r = 329 - 325. Calculate u(r).
-32
Let g(h) be the third derivative of h**4/24 - 2*h**2. Let b(k) = -k**2 + k + 3. Let t(s) = s**2 - 2. Let y(q) = 4*b(q) + 3*t(q). Let l be y(6). Give g(l).
-6
Suppose -3*t = 2*f - 6, -6*t = -4*f - 2*t + 12. Let s(l) = -l**3 + 7*l**2 - 1. What is s(f)?
35
Let z be 0 + 0 + (-6 - -12). Suppose -4*u + 12 = -5*f, 6*f - 2*u + z = f. Suppose -c = 4*o + 10, 2*c + f*c - 3*o - 2 = 0. Let d(p) = -p**2 - 1. Give d(c).
-5
Let v(u) = -u**2 - 12*u - 17. Let j = -52 - -40. Determine v(j).
-17
Let t = 24 + -8. Let c(y) = 2*y - 38. Let r be c(t). Let o(i) = -i**3 - 7*i**2 - 9*i - 4. Give o(r).
14
Suppose 3*s + 19 = -5*x, 9 = 2*s - 5*s. Let j(i) = i + 1. What is j(x)?
-1
Let i(v) = -3*v**2 - 5*v + 5. Let n(d) = 16*d**2 + 28*d - 25. Let s(g) = -11*i(g) - 2*n(g). Let o(f) = -f**2 + 9*f - 8. Let q be o(8). What is s(q)?
-5
Let o(v) be the first derivative of 8*v + 19 - 1/2*v**2. Give o(4).
4
Suppose -i - 4*i = 0. Let l(p) = -16*p**2 + 9*p - 9. Let k(s) = 9*s**2 - 5*s + 5. Let f(c) = 7*k(c) + 4*l(c). Calculate f(i).
-1
Suppose -3*y - 24 = -2*y. Let o = 67 - 61. Let m be 20/o - 16/y. Let l(x) = -2*x. Determine l(m).
-8
Let a(s) = -4*s - 2. Let d(m) = -2*m - 1. Suppose -3*c + 4*c = 24. Suppose c = 5*b + 4. Let i(y) = b*a(y) - 9*d(y). Calculate i(1).
3
Let y(s) = 4*s**3 + s**2 + 7*s - 15. Let a(w) = 5*w**3 + w**2 + 8*w - 17. Let t(b) = -5*a(b) + 6*y(b). Calculate t(0).
-5
Let p(w) = -w**2 - 6*w + 7. Let x = -510 - -502. What is p(x)?
-9
Let a(u) be the first derivative of u**4/4 + 8*u**3/3 + 9*u**2/2 - 3*u + 5. Let j(s) = -4*s + 9. Let z be j(4). What is a(z)?
-17
Let x = 53 - 51. Let j(n) = -2 + 3*n + 0*n + 3*n**2 - n. Determine j(x).
14
Let i(n) be the first derivative of -3*n**4/4 - n**3/3 + 2*n**2 - 3*n - 1. Suppose 5*f + 142*q = 143*q + 5, -3*f - 2*q + 16 = 0. Calculate i(f).
-23
Suppose -3 = -4*u - 31. Let c(t) = -2*t - 9. What is c(u)?
5
Let a = -107 + 106. Let h(v) = -2*v + 5. Let n(s) = 1. Let z(f) = h(f) - 4*n(f). Give z(a).
3
Let j(s) = -s - 7*s + 52*s**2 - 50*s**2 + 9 - 4. Calculate j(6).
29
Let u(k) = -k**3 - 4*k**2 - k + 3. Suppose 5*z + 2*r - 489 = 0, -r + 108 = z - 4*r. Let n = 96 - z. What is u(n)?
-3
Let m(j) be the third derivative of j**7/5040 + j**6/720 + j**5/10 - 11*j**2. Let s(h) be the third derivative of m(h). What is s(-6)?
-5
Let i(t) be the third derivative of 19*t**5/60 + t**4/24 + 171*t**2. Determine i(-1).
18
Let n(h) = h + 1. Suppose 5*c - 4*k = 540, 0 = 3*c - 0*c - k - 324. Suppose 4*x + 4*w + c = 2*w, 3*x = w - 81. Let t = 26 + x. Calculate n(t).
0
Let x(d) = d**3 + 12*d**2 + 9*d - 16. Let f be ((-176)/(-24))/((-5)/(30/4)). Determine x(f).
6
Let a(t) = t**3 - 7*t**2 - 7*t + 6. Let b be a(8). Suppose 1 = -5*j - 4*g, 2*j = -0*j + 2*g + b. Let f(q) = q**2 - 5*q + 3. What is f(j)?
-3
Let r(q) = -q**3 + q**2 + 5. Let i be 5 + -1 + -4 + 0. Give r(i).
5
Let i(g) = 3*g - 6. Let u = 12 + -8. Suppose -u = j - 24. Suppose 4*v - j = -v. What is i(v)?
6
Suppose 5*p - 3*y = 72, 2*p - 3*y - 8 = -7*y. Suppose 3*t + p = 2*g, 5*t + 3 + 17 = 3*g. Let x(w) = -4 + 6*w - 4*w + w**3 + 3*w + 5*w**2. Determine x(t).
-8
Suppose m = -4*g + 6*m + 5, -4 = 5*g + 4*m. Let o(z) = z + 11. Determine o(g).
11
Let d(n) be the second derivative of n**8/6720 - n**7/840 + n**6/240 + n**5/60 + 4*n**4/3 + 8*n. Let c(w) be the third derivative of d(w). What is c(3)?
11
Let t(u) be the third derivative of -u**5/10 - u**2 - 24. Determine t(1).
-6
Let d(z) = -z**3 + 3*z**2 + 5. Suppose 4*n + 1 = -l, 2*n + 2 - 3 = -l. Suppose -p = w, -4*w + 0*w - l*p + 4 = 0. Calculate d(w).
-11
Suppose -m + 2*n + 12 = 0, 4*m - 3*n = n + 36. Let b(i) = -7*i**2 - 54*i + i**3 + 144 + 57*i - 142. Determine b(m).
-16
Let y(o) be the first derivative of o**5/60 + o**3/3 - 3*o**2/2 - 17. Let x(c) be the second derivative of y(c). Give x(0).
2
Let z(k) be the second derivati